
8
Let p(r) = -102*r - 99. Let j be p(-2). Let y(u) = 20*u**2 - 2*u - 1. Let x be y(-1). Calculate the greatest common divisor of x and j.
21
Let q(y) = -y**2 + 77*y - 390. Let z be q(34). What is the highest common divisor of 10 and z?
2
Suppose -28 = 4*c, 4*g + 0*c - 49 = -5*c. Calculate the greatest common divisor of 33 and g.
3
Let d(i) = -i**3 - 2*i**2 - 2*i + 2. Let v be d(-2). Suppose -22*j + v*j = -23424. Calculate the highest common factor of j and 24.
24
Suppose 0 = -3*x + 10 - 30 + 212. Calculate the highest common divisor of x and 9440.
32
Suppose 15*z = 6*z + 216. Let r = 912 + -720. What is the greatest common factor of r and z?
24
Suppose 3*p - 5*w + 22 = 6*p, -5*p = w - 22. Suppose -3*q + p*x + 392 = 0, 5*q - x - 635 = 2*x. Calculate the greatest common factor of 12 and q.
4
Suppose -28*n + 17*n = -3795. Suppose 103 - n = -h. Calculate the greatest common factor of 66 and h.
22
Let f(g) = 157*g**2 + 736*g - 9. Let q be f(-5). Calculate the greatest common divisor of q and 708.
236
Let s = -48670 - -48697. Calculate the greatest common divisor of s and 39879.
27
Let k be (2/4)/(1/70). Let m(i) = 546*i + 9. Let b be m(0). Suppose b = 2*z - k. What is the highest common factor of z and 88?
22
Let j be (168/10)/(453/1510). What is the greatest common divisor of 21 and j?
7
Let u be 1783026/2268 - (-2)/(-12). What is the greatest common factor of 4454 and u?
262
Let j = -21 - -30. Let z = -85903 - -86146. Calculate the greatest common factor of z and j.
9
Let q be ((-6)/48)/(((-375)/840)/25). Calculate the highest common divisor of 1484 and q.
7
Let d be 6*(-3)/(4 - -2). Let z be d/(-6) - 526/(-4). Let y = 1105 + -1093. Calculate the greatest common divisor of z and y.
12
Let b(a) = 2*a**3 + 81*a**2 - 216*a - 16. Let n be b(-43). Suppose -t + 3*t = 594. Calculate the greatest common factor of t and n.
27
Suppose 7*g - 194 = -26. Let u(z) = -z**2 + 28*z - 14. Let w be u(22). Suppose -42 - w = -5*o. What is the greatest common factor of o and g?
8
Suppose -3*k + s + 14 = 0, 17 = -k - 2*s - 2*s. Suppose -k*o = 9, 2*j - 84 = 2*o - 6*o. Let t = j - 35. Calculate the highest common factor of t and 1.
1
Suppose -29*m + 4200 = -4*m. Suppose 11*d = 3*d + m. What is the highest common divisor of d and 168?
21
Suppose -6*p = -3*p - 4*s - 252, -5*s - 335 = -4*p. Let k = p - 36. Let i = 274 + -164. Calculate the greatest common divisor of i and k.
22
Suppose 0 = -t - 6 + 10. Suppose 2*s - k = 179, t*k - 252 = 2*s - 5*s. Let w = -13 + 21. What is the greatest common factor of w and s?
8
Suppose 37 = 5*s + 3*o + 3, -s - 7 = -4*o. Suppose 0*c + 95 = 4*c + 5*n, 145 = 4*c - s*n. What is the highest common divisor of 3 and c?
3
Let k be 153/1 - 7 - -1. Let l(r) = -6*r - 9. Let p be -1 - 3/6*8. Let j be l(p). Calculate the greatest common factor of k and j.
21
Let f(u) = -u**2 - 39*u - 22. Let c be f(-28). Let i = c + -265. Calculate the highest common factor of i and 56.
7
Let x be 690/78 + -6 + 2/13 + 79. Calculate the highest common divisor of x and 10209.
41
Let g(m) = -m**3 + 26*m**2 - 156*m + 151. Let n be g(17). Calculate the greatest common divisor of n and 16950.
50
Let y be ((-18)/12*(-4)/(-3))/(-1). Suppose -2*j + 2*r + 482 = 3*j, 20 = 5*r. What is the greatest common divisor of y and j?
2
Let h(m) = 8*m + 238. Let j be h(-28). Suppose 6*d - 2554 = -958. What is the greatest common divisor of d and j?
14
Suppose 2*q + 3*z - 2151 = 0, 4*z - 6428 = -q - 5*q. Calculate the greatest common divisor of q and 528.
12
Suppose 5*w - 939 - 2301 = 0. Suppose -w = -70*n + 58*n. What is the highest common divisor of 216 and n?
54
Suppose 2*a = 84 + 56. Let f be (-1 + -2 - -7)/((-57783)/(-2310) - 25). What is the highest common divisor of f and a?
70
Suppose 0 = 3*u - 24 + 9. Suppose 0 = 5*r + u*k - 845, 5*r + 6*k - 5*k = 853. What is the highest common divisor of 9 and r?
9
Let n(w) = w**3 + w**2 + 12*w + 2561. Let x be n(0). Calculate the highest common factor of x and 78.
13
Suppose -30*h - 6*h + 1152 = 0. Let m(q) = 10*q**2 + 2*q. Let z(a) = a - 3. Let b be z(6). Let y be m(b). Calculate the highest common divisor of h and y.
32
Let n(h) = 1902*h - 3229. Let u be n(4). Calculate the greatest common factor of 453 and u.
151
Suppose 0 = -5*b - 5*j + 545, -4*b + 218*j + 420 = 224*j. What is the greatest common factor of b and 14625?
117
Let u(s) = 5*s**3 + 2*s**2 - s - 2. Let v be u(3). Let h = -134 + v. What is the greatest common divisor of 70 and h?
14
Suppose -2*l = 2, -i + 31 + 5 = 2*l. Let w = -8059 + 8211. Calculate the greatest common divisor of w and i.
38
Let x = -7890 + 7896. Suppose 14 = 3*n - q - 0*q, -2*q = -n + 13. Let z be 20/x - -2*n/9. Calculate the highest common factor of z and 64.
4
Let m be (-34338)/(-9) + 9/((-54)/(-4)). Calculate the greatest common factor of m and 1060.
212
Let q = 2809 - 2441. Calculate the greatest common factor of q and 144.
16
Let s = -242 + 245. Suppose s*t = -i + 4, t - 2*i - 6 = -7*i. Calculate the greatest common factor of t and 41.
1
Suppose 7*o + 12442 - 14255 = 0. What is the greatest common divisor of 37 and o?
37
Suppose 41060 = 10*i + 27*i + 8093. Calculate the greatest common factor of 22 and i.
11
Suppose 17*b - 13283 = -2267. Suppose -2 + b = 19*v. What is the greatest common factor of v and 272?
34
Suppose 46 - 6 = 4*t. Calculate the greatest common divisor of 1000 and t.
10
Let l be -56*(11 + (-1185)/105). What is the greatest common factor of l and 92?
4
Let c be (-5)/(25/(-1710)) - -3. Calculate the highest common factor of c and 15.
15
Let q be (-15)/10*2 - 20. Let b = -20 - q. Suppose -4*t - 287 + 335 = 0. Calculate the highest common divisor of t and b.
3
Let v = -11287 - -17256. What is the greatest common divisor of 127 and v?
127
Let g(d) = -322*d + 798. Let c be g(-3). Calculate the highest common divisor of c and 24.
12
Let h(o) = -2*o**2 + 14*o - 15. Let z be h(5). Let l be z + 14/(-7) + 21. Calculate the highest common factor of 16 and l.
8
Suppose 0 = -393*x + 381*x + 77 + 679. Calculate the highest common divisor of 549 and x.
9
Suppose -37*c + 15002 = 4272. What is the highest common divisor of 3335 and c?
145
Let p = -43 - -45. Let w(c) = -6*c - 62. Let y be w(-12). What is the highest common factor of p and y?
2
Let c(w) = w**2 + 8*w + 10. Let g be c(-7). Let h be (504/(-35))/(48/(-15) + g). Calculate the highest common factor of h and 24.
24
Suppose 4*a + 1186 = 2*f - 1674, -4*a = 4*f - 5780. Calculate the greatest common factor of 48 and f.
48
Let m = 4854 - 1694. What is the highest common divisor of m and 80?
40
Let k be 6/87 - 330047/(-29). Calculate the greatest common divisor of k and 57.
19
Suppose 0 = -j + v + 16, 17*j - v = 12*j + 64. Let q(p) = p - p - p + 21 + 2*p. Let g be q(-9). What is the greatest common factor of g and j?
12
Let d = -233 + 239. Let l be 21/d - (-3)/6. Suppose 5*c - 165 = -5. Calculate the greatest common divisor of l and c.
4
Let g be 0 - -1 - (-4 - -1). Suppose 3*s = -h + 14, 0 = s - 2*h + 23 - 16. Suppose -g*q - s = -11. Calculate the greatest common divisor of q and 4.
2
Let z be (69 - -1)/5 - 4. Let b be 1/3 + (-1104)/72. Let h = 17 + b. Calculate the greatest common factor of h and z.
2
Suppose -38*q + 11*q + 23256 = 24*q. What is the highest common factor of q and 240?
24
Let y(u) = 82*u - 142. Let q be y(2). Calculate the highest common divisor of q and 2827.
11
Suppose -2*m - 60 = -66. Suppose 27*o - m*o - 14208 = 0. What is the highest common divisor of 32 and o?
16
Let q = 130 - 125. Suppose 5*s - 3*s = -3*m + 482, 0 = 2*m - q*s - 334. Calculate the greatest common divisor of m and 36.
18
Suppose 41*v - 1557 = 50*v. Let k = v - -183. What is the highest common divisor of 220 and k?
10
Let x be ((-1056)/384)/(2/(-32)). What is the highest common divisor of x and 5500?
44
Suppose g - 10 = 5. Suppose 0 = z - g + 11. Let m be -3 - (-3 - 6*z). Calculate the greatest common factor of m and 60.
12
Let p be (-11008)/(-160)*20/8. Calculate the highest common factor of 903 and p.
43
Suppose 3014 + 1081 = 25*u - 4*u. Let h be (-198)/(-8) - 2/(-8). Let w = h - -14. Calculate the greatest common divisor of u and w.
39
Let x be (-3 - -54)*6/((-234)/(-4771)). What is the greatest common factor of 17 and x?
17
Let v = -9022 - -12637. Calculate t